reds digit of 308990829?
8
What is the hundreds digit of 7272238?
2
What is the units digit of 9784522?
2
What is the tens digit of 119651000?
0
What is the hundreds digit of 3182457425?
4
What is the hundreds digit of 91794299?
2
What is the hundred millions digit of 416728823?
4
What is the units digit of 82983717?
7
What is the thousands digit of 69951957?
1
What is the ten thousands digit of 2540352184?
5
What is the ten thousands digit of 52683376?
8
What is the units digit of 463422819?
9
What is the hundreds digit of 5699536?
5
What is the ten thousands digit of 479417547?
1
What is the units digit of 33056563?
3
What is the thousands digit of 42156606?
6
What is the millions digit of 1949170538?
9
What is the tens digit of 769509268?
6
What is the thousands digit of 460583234?
3
What is the ten millions digit of 209006420?
0
What is the ten thousands digit of 3529934?
2
What is the thousands digit of 6699943937?
3
What is the tens digit of 298952387?
8
What is the units digit of 2593775458?
8
What is the hundred thousands digit of 91320702?
3
What is the tens digit of 72450988?
8
What is the hundreds digit of 18583945?
9
What is the thousands digit of 84421528?
1
What is the ten thousands digit of 65216955?
1
What is the hundreds digit of 242131386?
3
What is the millions digit of 928174974?
8
What is the tens digit of 114138877?
7
What is the thousands digit of 102204964?
4
What is the thousands digit of 21601132?
1
What is the units digit of 3029890525?
5
What is the ten thousands digit of 39538453?
3
What is the units digit of 25727869?
9
What is the ten thousands digit of 28399407?
9
What is the thousands digit of 1316732884?
2
What is the hundreds digit of 694246541?
5
What is the ten millions digit of 27339579?
2
What is the hundred thousands digit of 712183378?
1
What is the tens digit of 300587032?
3
What is the tens digit of 132652420?
2
What is the hundred thousands digit of 179241120?
2
What is the units digit of 1475887?
7
What is the thousands digit of 25786965?
6
What is the thousands digit of 159810936?
0
What is the hundred thousands digit of 5206642591?
6
What is the ten millions digit of 83869112?
8
What is the hundred thousands digit of 33541351?
5
What is the ten thousands digit of 69187996?
8
What is the thousands digit of 35516430?
6
What is the hundred thousands digit of 164840?
1
What is the hundreds digit of 1049532993?
9
What is the hundred thousands digit of 26616073?
6
What is the hundred thousands digit of 71456141?
4
What is the thousands digit of 85978905?
8
What is the billions digit of 1741029523?
1
What is the thousands digit of 15504124?
4
What is the ten millions digit of 394314212?
9
What is the hundred thousands digit of 1395994390?
9
What is the millions digit of 337907392?
7
What is the hundreds digit of 1611410604?
6
What is the ten millions digit of 13935089?
1
What is the tens digit of 138175098?
9
What is the units digit of 40737627?
7
What is the tens digit of 345645713?
1
What is the tens digit of 72889068?
6
What is the units digit of 7830856?
6
What is the hundreds digit of 13897945?
9
What is the units digit of 3722895392?
2
What is the thousands digit of 432020863?
0
What is the ten thousands digit of 3632171687?
7
What is the ten millions digit of 510595577?
1
What is the millions digit of 3024820132?
4
What is the thousands digit of 2174215508?
5
What is the units digit of 201154410?
0
What is the ten thousands digit of 39798338?
9
What is the hundreds digit of 84601274?
2
What is the ten millions digit of 43795026?
4
What is the thousands digit of 63923497?
3
What is the tens digit of 26136708?
0
What is the billions digit of 1599107843?
1
What is the tens digit of 123977407?
0
What is the hundreds digit of 7250674333?
3
What is the hundred thousands digit of 30335867?
3
What is the hundred thousands digit of 316435678?
4
What is the millions digit of 8021898936?
1
What is the ten millions digit of 177894547?
7
What is the units digit of 19188782?
2
What is the hundred millions digit of 315316394?
3
What is the millions digit of 178203277?
8
What is the hundred thousands digit of 45677766?
6
What is the thousands digit of 1421863397?
3
What is the billions digit of 4728564769?
4
What is the millions digit of 387688251?
7
What is the hundreds digit of 94985627?
6
What is the tens digit of 520317347?
4
What is the thousands digit of 73199646?
9
What is the tens digit of 31853185?
8
What is the ten millions digit of 24610395?
2
What is the hundred thousands digit of 748051425?
0
What is the ten millions digit of 364736543?
6
What is the thousands digit of 437253156?
3
What is the tens digit of 610922920?
2
What is the hundred thousands digit of 7201533574?
5
What is the hundreds digit of 3337794411?
4
What is the thousands digit of 10139601?
9
What is the thousands digit of 125269334?
9
What is the millions digit of 2591544185?
1
What is the hundred thousands digit of 109266997?
2
What is the hundred thousands digit of 29160409?
1
What is the ten millions digit of 143514475?
4
What is the ten thousands digit of 3653682126?
8
What is the thousands digit of 69861961?
1
What is the ten thousands digit of 131135411?
3
What is the ten millions digit of 728845843?
2
What is the units digit of 2269849613?
3
What is the ten millions digit of 6145308470?
4
What is the billions digit of 3584084509?
3
What is the units digit of 25647619?
9
What is the tens digit of 1164109953?
5
What is the units digit of 350053598?
8
What is the units digit of 70019999?
9
What is the billions digit of 5392476562?
5
What is the hundreds digit of 52715205?
2
What is the ten thousands digit of 382637923?
3
What is the ten thousands digit of 103569013?
6
What is the ten thousands digit of 5432435?
3
What is the hundred millions digit of 2030483652?
0
What is the ten millions digit of 21503547?
2
What is the units digit of 346078528?
8
What is the ten thousands digit of 470136810?
3
What is the hundred millions digit of 178759438?
1
What is the ten millions digit of 169127279?
6
What is the hundred thousands digit of 5086653523?
6
What is the ten millions digit of 715440368?
1
What is the tens digit of 215878563?
6
What is the ten millions digit of 3315039021?
1
What is the hundred millions digit of 2471862796?
4
What is the hundreds digit of 653125936?
9
What is the millions digit of 2556736785?
6
What is the hundreds digit of 74505258?
2
What is the tens digit of 683491447?
4
What is the hundreds digit of 3977835606?
6
What is the tens digit of 51390816?
1
What is the ten millions digit of 711690834?
1
What is the hundreds digit of 267033798?
7
What is the hundreds digit of 101181390?
3
What is the hundred thousands digit of 2378000362?
0
What is the hundred thousands digit of 112259160?
2
What is the hundred millions digit of 816271229?
8
What is the hundred thousands digit of 2326190688?
1
What is the thousands digit of 5458562993?
2
What is the thousands digit of 908845504?
5
What is the hundred millions digit of 360183531?
3
What is the units digit of 1265139567?
7
What is the hundred thousands digit of 140809899?
8
What is the ten millions digit of 426201516?
2
What is the millions digit of 1233552071?
3
What is the millions digit of 13157376?
3
What is the thousands digit of 2375849280?
9
What is the units digit of 161743115?
5
What is the units digit of 2025650158?
8
What is the hundred thousands digit of 22964065?
9
What is the hundred millions digit of 130580551?
1
What is the units digit of 675697946?
6
What is the tens digit of 78175279?
7
What is the thousands digit of 1107082207?
2
What is the hundreds digit of 29764701?
7
What is the hundred thousands digit of 249048455?
0
What is the tens digit of 416080783?
8
What is the hundred thousands digit of 447962472?
9
What is the tens digit of 396296222?
2
What is the units digit of 465310667?
7
What is the units digit of 778856752?
2
What is the units digit of 57758776?
6
What is the units digit of 23094650?
0
What is the ten thousands digit of 3933056?
3
What is the ten thousands digit of 186177223?
7
What is the ten thousands digit of 4449335?
4
What is the units digit of 576042165?
5
What is the thousands digit of 5459199758?
9
What is the units dig